(s) = 5*m(s) + 3*w(s). Suppose 3*x = -x + r - 11, -5*x - 3*r = 18. Calculate d(x).
-8
Let j(q) = -3*q**2 - 18*q + 3. Let n(u) = -2*u**2 - 13*u + 2. Let p(y) = -5*j(y) + 7*n(y). Let v = 2 - 3. Determine p(v).
1
Let i(b) be the second derivative of -1 + 1/6*b**3 - 1/3*b**4 + 1/2*b**2 + 1/20*b**5 + 11*b. Let x be (-8)/(-2) + -2 + 2. Calculate i(x).
5
Suppose u = 2*y - 22, 4*y - 37 = -2*u - 1. Let z(f) = -2*f**3 + f**3 - y + 10. Calculate z(-1).
1
Suppose 9*g = -61 - 11. Let s(p) = p**3 + 8*p**2 + 1. Calculate s(g).
1
Suppose -6 = -3*d + d. Let l(m) be the third derivative of -m**4/24 - m**3/6 - 65*m**2. Calculate l(d).
-4
Let j(y) = y + 8. Let g be j(-8). Suppose 6*z - z - 15 = g. Let d(c) = -64*c - 3 + 33*c + 34*c. Calculate d(z).
6
Suppose a + 1 = -4*q, 2*q + 8 = 386*a - 388*a. Let o(s) = -s**3 - 4*s**2 + 3*s - 6. Give o(a).
4
Let q(v) = 2*v - 21. Suppose 19*l - 10 = 161. What is q(l)?
-3
Let j(m) be the second derivative of -m**3/6 - 9*m**2 + 121*m. Calculate j(-11).
-7
Suppose -5*r - 9 = -39. Let m(v) = 5*v**2 - 36*v. Let q(k) = k**2 - 7*k. Let d(g) = 2*m(g) - 11*q(g). Calculate d(r).
-6
Let p(o) = -o - 14. Let c be 2/((39/52)/(3/(-2))). Give p(c).
-10
Let n(m) = -m**2 - 4*m + 7. Suppose -114*o = -108*o + 24. What is n(o)?
7
Let m(u) be the third derivative of u**4/24 - u**3/6 + 83*u**2. Give m(-7).
-8
Let o(l) = l - l**2 - 3*l - 4 + 1. Let n be (6/10)/(9/(-45)). Give o(n).
-6
Let q = -22 + 50. Let b = q - 47. Let r be b/3 - (-1)/3. Let a(j) = j**2 + 5*j + 2. Determine a(r).
8
Suppose 28 = 8*o + 12. Let b(h) = 7*h + 9*h + 3 + h**2 - 23*h + o*h. Calculate b(6).
9
Let b(w) be the first derivative of w**2/2 + w + 8. Let x be 10/15 - (-4)/(-6). What is b(x)?
1
Let h(a) = 0*a**3 - 291*a**2 - a**3 - 5 + 300*a**2 + 0*a + a. Calculate h(9).
4
Let z(v) be the first derivative of v**2/2 - 5*v + 1. Let u = -2 - -14. Suppose 12 = 3*i - i - b, -4*i = 4*b - u. Give z(i).
0
Let h = 2 - 4. Let u(m) = 5*m - 2. Let z(a) = 2*a - 1. Let g(i) = -3*u(i) + 5*z(i). Let t(s) = 6*s - 1. Let x(y) = 5*g(y) + 4*t(y). Calculate x(h).
3
Suppose -7*d + 15 = -6. Suppose 0 = -5*r - 3*b - 20, 2*r - 2*b + b = d. Let i = -2 + r. Let z(h) = -h**3 - 4*h**2 + 2*h + 2. Give z(i).
-13
Let p(c) = 6*c**3 - 2*c + 3. Let z(v) = 5*v**3 - 2*v + 3. Let g(s) = -4*p(s) + 5*z(s). Let q be g(2). Let t(d) = q*d + 0*d**2 + 4 + 2*d**2 - 2*d. Give t(-3).
7
Let v be (4/(-6))/(2/(-42)). Suppose -41 = -5*y - 4*a, 4*a = -2*y - v + 40. Let x(d) = 195 - 383 + 6*d + 0*d**2 - d**2 + 191. Calculate x(y).
8
Let s(d) = -d**2 - 2*d + 1. Suppose 24*y + 40 = -32. Calculate s(y).
-2
Let m(i) = 2*i - 5. Suppose -d = 3*d. Let u be m(d). Let s(x) = x**3 + 4*x**2 - 8*x - 7. Give s(u).
8
Let v = -3 - -32. Let s = v - 24. Let a(u) = -u + 7. Let t(o) = -o + 6. Let p(h) = -2*a(h) + 3*t(h). Determine p(s).
-1
Suppose 0 = -8*g + 6*g + 2. Let b(w) = 36*w**3 + w. Determine b(g).
37
Let d(i) = -4*i**3 + i**2 - 1. Let q(k) = -2*k**2 + 24*k + 1. Let g be q(12). Calculate d(g).
-4
Let p = -1094 - -1091. Let l(f) = -2*f**2 - 5*f - 7. Determine l(p).
-10
Let t(o) = -o**2 + 10*o + 14. Let i be t(11). Let d(h) = 8*h + 33*h**2 - 27*h**2 - 1 - h**i + 2. Calculate d(7).
8
Suppose -7*r - 7 = 35. Let i(v) = -v**3 - v + 2. Let n(m) = m**3 - 7*m**2 - 7*m - 11. Let y(f) = -2*i(f) - n(f). What is y(r)?
-11
Let k be 1/(1/(-7)) - (18 - 19). Let l(x) = x**2 + x + 4. Calculate l(k).
34
Let b(c) = 15*c - 24. Let u(l) = 7*l - 11. Let g(q) = 3*b(q) - 7*u(q). Let n(p) = 2 - 7 + 4*p + p. Let z(j) = -6*g(j) - 5*n(j). Give z(4).
-9
Suppose 3*d - 5*c - 16 = -3*c, 5*d + 3*c + 5 = 0. Let f(k) = k**d + 12*k + 14*k - 2 - 32*k. What is f(7)?
5
Let k(q) = q - 3. Let p be (-236)/(-30)*-1 - 76/570. What is k(p)?
-11
Suppose -3*r + 4*a + 109 = 0, r = -3*r - 5*a + 104. Let m = r - 29. Let b(h) = -h**3 - h**2 + h - 1. Calculate b(m).
-11
Let i(k) = 37*k**2 + 1. Let j be (64/(-12) + 6)/(4/(-6)). What is i(j)?
38
Let l(n) = 2*n. Let x(s) = -s - 1. Let a(r) = 2*l(r) - x(r). Let w be 0/(-1 - 1*-2). Let o = -3 + w. Calculate a(o).
-14
Let y(r) = 4*r + r**3 - 2*r**2 - 2*r**3 + 4*r**2 - 3*r**2 - 1. Determine y(-3).
5
Let j(x) = -3*x + x + 0*x. Suppose 0 = -190*c + 182*c + 8. Give j(c).
-2
Let y be (65/(-20) + 4)*4. Suppose -4*w + 38 = -2*p, 4*p + 26 = y*w - 0*w. Let f(j) = -j + 5. Calculate f(w).
-5
Let y(z) be the third derivative of -z**8/20160 + z**7/1680 - z**6/240 + z**5/60 + 15*z**2. Let i(n) be the third derivative of y(n). Calculate i(3).
-3
Let o be 24/(-56) + (-3)/(-7). Let c(l) = -2*l - 2*l - l**3 + 7*l**2 - l + o*l - 6. Calculate c(6).
0
Let b(i) = -31*i - 7. Let k(d) = -47*d - 11. Let l = 28 - 33. Let c(y) = l*k(y) + 8*b(y). Determine c(-1).
12
Let d(s) = -4*s**3 - 5*s**2 - 4*s + 5. Let n(t) = -t**3 - t**2 - t + 1. Let w(k) = 2*d(k) - 9*n(k). Suppose -12*m = -15*m + 42. Let x = -12 + m. Calculate w(x).
7
Suppose -3*d = -5*d - 2*d. Let x(h) = h + 39. Determine x(d).
39
Suppose 0 = 21*g - 117*g + 2496. Let r(n) = n**2 - 28*n + 54. Calculate r(g).
2
Let m(o) = -38 - 259*o + 130*o + 128*o. Calculate m(0).
-38
Let i(j) = j**2 - 5. Let z(c) = -6*c**2 - c + 27. Let n(o) = 5*i(o) + z(o). Calculate n(-6).
-28
Suppose -84 = 1162*a - 1156*a. Let h(j) = j**3 + 14*j**2 + 18. Give h(a).
18
Let s(a) be the second derivative of 7/2*a**2 + 26*a + 1/6*a**3 + 0. Determine s(-9).
-2
Suppose 3 = -2*n - n. Let d be ((-7)/4)/(n/4). Let w(o) = 8 - d*o - 2*o**2 - o + 3*o + o**2. Determine w(-6).
2
Suppose -4*k + 4 = 4*g, -k - 6*g = -3*g + 5. Let p = -8 - -10. Let x(f) = p + 3 + k - f. Determine x(0).
9
Suppose -6 + 0 = -3*z. Suppose 0 = -0*c - 2*c + 6. Let q(u) = 2*u**z - u**3 + 5*u + 3 + 0*u**c + 3*u**2 - 2*u**2. What is q(4)?
7
Let n = 139 - 146. Let d(o) = -2*o + 11. Let r(h) = -4*h + 23. Let j(f) = 5*d(f) - 2*r(f). Give j(n).
23
Let h(s) = s**3 - 14*s**2 - 55*s + 70. Let m be h(17). Let i(b) be the third derivative of -1/3*b**3 + 0*b + 1/60*b**5 - 1/12*b**4 + 0 + 5*b**m. Give i(5).
13
Let u(b) = -b**3 + 64*b**2 + 130*b + 106. Let j be u(66). Let t(r) = -r**2 - 27*r - 31. Determine t(j).
-5
Let f(t) = 2*t**2 + 115*t + 0*t**3 + 0*t**3 - 116*t + 9*t**3. Give f(1).
10
Let k(y) = y - 9. Let w(u) be the first derivative of 5*u - 4. Let f(r) = -3*k(r) - 5*w(r). Suppose 14*g + g = 30. Calculate f(g).
-4
Let k(z) = z**2 + 8*z + 2. Let p be (-7 - -6)/((2 + -1)/2). Let r be (12/14)/((-39)/(-21) + p). What is k(r)?
-10
Let m(t) = 7*t - 5. Let j(r) = -8*r + 5. Let c(o) = -4*j(o) - 5*m(o). Give c(2).
-1
Let a be -8*(-5)/10 + (-1 - 3). Let q(w) = w + 3. Let h be q(3). Let m(s) = h*s**3 + 1 + 7*s**2 + a*s - 7*s**2 + s. Determine m(-1).
-6
Let k(x) = 16*x + 6. Let n(t) = -9*t - 4. Let h(m) = -3*k(m) - 5*n(m). What is h(-3)?
11
Suppose -152*v - 50 = -142*v. Let c(t) = 5*t + 28. Give c(v).
3
Suppose 5*j + 5 = 4*w, -5*j = -w - 2 + 7. Let f(a) be the second derivative of -a**4 - 35*a. Calculate f(j).
-12
Let s(h) = -h**2 - h + 4. Let y be (6/(-24))/(((-15)/3)/60). Calculate s(y).
-8
Let m(h) = -h**3 + h**2 - 2. Let g(t) = -20*t + 242. Let u be g(12). What is m(u)?
-6
Let u(r) be the third derivative of -r**4/24 - r**3/2 - 100*r**2. Determine u(-3).
0
Let s(m) = -28*m + 10*m + 19*m. Let x(u) = 10*u - 1. Let j(z) = 2*s(z) - x(z). What is j(1)?
-7
Let s(h) = h**3 - 15*h**2 - 11. Suppose 11*v + 120 = 19*v. What is s(v)?
-11
Let m be ((-16)/(-12))/(68/51). Let t(u) = -4*u**2 - 3*u - 1. Let f(n) = -n**2 - n. Let k(i) = -5*f(i) + t(i). Give k(m).
2
Let l(s) = 4*s**3 + s**2 + 6. Let a(j) = 7*j**3 + 2*j**2 + 10. Let t(f) = 3*a(f) - 5*l(f). Calculate t(0).
0
Let j(i) = -2*i**2 - 5*i + 4. Let k be (-4)/(-2 - 2) - -3. Suppose -2*a - u - 4 = k, -5*a - 2*u = 20. Calculate j(a).
-8
Let o(s) be the third derivative of 0 - 1/12*s**4 + 0*s + 8*s**2 - 1/3*s**3. Let b = 11 + -7. Give o(b).
-10
Let w = -540 + 544. Let g(k) = -2*k**2 + 6*k - 6. Determine g(w).
-14
Let q(m) = -m**3 + 5*m**2 + 7*m + 2. Suppose 109*n = 498 + 156. Determine q(n).
8
Let g(d) = d + 13. Suppose -8 = 4*k - 4*h, -31 = -15*k + 18*k + 2*h. What is g(k)?
6
Let o(d) = 16*d - 1. Let v(l) = -4*l**2 + 29*l + 23. Let g be v(8). Calculate o(g).
-17
Let w(c) be the first derivative of c**6/360 - c**5/40 + 2*c**3 - 17. Let r(h) be the third derivative of w(h). Let i be -5*(6/10)/(-1). Calculate r(i).
0
Let d(r) = -2*r - 3. Suppose 5*i - 2 = 2*k - 3, 5*